f o.
2, 23
Let o = -21 + 61. Suppose 2*a = s + 10, 2*a - 5*s + o = 7*a. List the prime factors of ((-4)/a)/(2/(-546)).
2, 7, 13
Let h be (30/(-20))/((-9)/(-30)). What are the prime factors of (183 - 26) + h + 1?
3, 17
Let i(o) = -347*o - 459. What are the prime factors of i(-28)?
9257
Suppose 1157 = -23*s - 3144. Let d = 344 + s. List the prime factors of d.
157
Let h = -357 - -354. What are the prime factors of h + 1 + 1 + (2 - -127)?
2
Suppose -4*u - 21867 = -3*n, 0 = 3*n + 35*u - 37*u - 21855. What are the prime factors of n?
3, 809
Suppose 0 = -4*h + 7*d - 11*d + 2600, -655 = -h + 4*d. What are the prime factors of h?
3, 7, 31
Suppose -4*o - 147 = 5*x, 39 = -x - 0*x - 4*o. Let m be (-6)/x + (-105)/27*-2. Let w(j) = j**2 + 25. What are the prime factors of w(m)?
89
Let b = -489 - -898. Let d be (-2)/(-5) - (-1077)/(-5). Let p = b + d. List the prime factors of p.
2, 97
Let r = 49658 + 3844. List the prime factors of r.
2, 3, 37, 241
Let q be 4/(8/3)*16/6. Suppose 5*r = -q*c + 6*c + 5336, 0 = -2*r - 4*c + 2144. What are the prime factors of r?
2, 3, 89
Let s = 390 + -388. Suppose -81 = -4*j - 4*i + 1227, -s*i - 1284 = -4*j. What are the prime factors of j?
17, 19
List the prime factors of ((-1188)/21 + (-11 - -11))/(2/(-119)).
2, 3, 11, 17
Let w = 53 + -65. Let u be -2 - 0 - 1/(-2)*w. List the prime factors of (u/3)/(14/(-567)).
2, 3
Let p be (-8 + 204)*(-2)/(-2*2). Suppose -2*k = -854 - p. List the prime factors of k.
2, 7, 17
Let l(o) = -2*o**3 - 98*o**2 + 102*o + 96. What are the prime factors of l(-53)?
2, 8581
Let u(l) = -590*l**3 - l**2 - 3*l - 2. Let k be u(-1). Suppose 4*p + 5*o + k = 2193, 0 = -3*p + 4*o + 1241. What are the prime factors of p?
11, 37
Let a = 13389 - 1197. Suppose -21*m + 45*m = a. What are the prime factors of m?
2, 127
Let q = 39 - 35. Let n(c) = 17*c + 29. Let h(g) = 9*g + 15. Let m(j) = q*n(j) - 7*h(j). What are the prime factors of m(9)?
2, 7
Suppose -130*x - 661808 + 3161058 = 0. List the prime factors of x.
5, 769
Let q(v) = 19*v**3 + v + 2. Let p be (3 - 4) + 1 - -2. Let x be q(p). Let h = x - 92. List the prime factors of h.
2
Let z(n) = 280*n**2 + 39*n + 518. List the prime factors of z(-11).
3, 13, 67
Let l = 471 + -471. Suppose l = 11*d - 117 - 1082. What are the prime factors of d?
109
Let t(s) = -8*s**2 - 1. Let h be t(1). Let c be (h + (-4)/(-8)*6)/(-2). What are the prime factors of -3*86*c/(-18)?
43
Let g be 16/6 - 2 - (-16)/3. Suppose 22*s = 15*s. Suppose s = -g*i + 487 + 41. List the prime factors of i.
2, 11
Let t be (((-40694)/(-4))/1)/(5/(-90)). What are the prime factors of (-6)/(-51) + t/(-153)?
3, 7, 19
Suppose -77686 = 181*h - 195*h. List the prime factors of h.
31, 179
Let q = 5707 + -547. What are the prime factors of q?
2, 3, 5, 43
Let q = 27585 + -7769. What are the prime factors of q?
2, 2477
Let t be 2/7 + -430*1/(-14). Suppose -36*u + 20 = -t*u. Suppose -32 = -u*i + 52. List the prime factors of i.
3, 7
Let r(f) = -6*f - 6. Suppose -3*p = -k + 13, k + 0*k = -4*p - 29. Let j be r(p). Let a = j - -128. What are the prime factors of a?
2, 79
Let x be (-38)/114 + (-16)/6. List the prime factors of x/(0/5 + 1/(-102)).
2, 3, 17
Let n = -65 - -251. Let o = n - 127. Let b = o + -36. List the prime factors of b.
23
List the prime factors of 152 - 140 - (-4935 + 1).
2, 2473
Let f = 208 + -292. List the prime factors of (-10)/8 - 19929/f.
2, 59
Let h = 14651 - 7236. List the prime factors of h.
5, 1483
Let d(s) be the first derivative of s**4/4 + 2*s**3 - 7*s**2 + 2*s - 3. Let h be d(6). Let i = h - 249. List the prime factors of i.
101
List the prime factors of (3/12 - (-127827)/12) + 18/(-36).
2, 2663
What are the prime factors of (4/(-10))/(313/(-22348200))?
2, 3, 5, 7, 17
Suppose -2*w + 20917 = 3*j, -52279 = -5*w + 23*j - 26*j. What are the prime factors of w?
2, 5227
Let i(o) = 11*o + 79. Let j be i(-30). Let w = j + 492. List the prime factors of w.
241
Suppose -2 - 2 = -z - 4*a, 2*z = a + 26. Suppose -f = -5, 0 = 3*p + 5*f - z + 2. List the prime factors of (-1892)/(-14) - p/(-35).
3, 5
Suppose -2*x + 16 = -2*w, -3*w - 12 - 4 = -x. Suppose -5*t + x*s = 390, -2*t - 5*s - 138 = -3*s. Let h = t + 194. List the prime factors of h.
2, 3, 5
Suppose 5*x + 4*s + 11 = 0, 3*x + 0*s - 4*s = 19. Suppose -9 = -5*t + x. Suppose -4*m + 3*l + 477 = -m, -3*l - 313 = -t*m. What are the prime factors of m?
2, 41
Suppose 4*g = g + 6. Let c be (g - 0)*(4 + -3). What are the prime factors of 2/(-7) + c/21*654?
2, 31
Let g(p) = -p - 1. Let l(r) = 79*r - 48. Let z(o) = -6*g(o) + l(o). What are the prime factors of z(8)?
2, 11, 29
What are the prime factors of (-29)/(261/(-108)) - -747?
3, 11, 23
Suppose -2075 = 12*i - 683. What are the prime factors of 2/8 - 169331/i?
2, 5, 73
Suppose 0 = 6*j + 13 - 1. Let m be 18*12/9*j. List the prime factors of (-8)/m - ((-694)/(-12))/(-1).
2, 29
Let t = 1735 + -1735. Let z = -1 - -1. Suppose z = g - t - 16. List the prime factors of g.
2
Let z(y) be the second derivative of 7*y**3/2 - 17*y**2 - 21*y. Suppose -12*n - 20 = -14*n. List the prime factors of z(n).
2, 11
Suppose -106*m + 721708 = 28998. What are the prime factors of m?
5, 1307
Let z(a) = -18*a - 37 - 5*a + 4*a - a. What are the prime factors of z(-9)?
11, 13
Suppose 0 = 60*k - 17*k - 295281. List the prime factors of k.
3, 7, 109
Let y = -31719 + 61662. List the prime factors of y.
3, 1109
Let v(q) = -q**2 - 8*q + 27. Let l be v(-9). Let o be l/5*10/8*206. List the prime factors of (-9)/21 + o/7.
2, 3, 11
Suppose 20*g = 16*g + 120. List the prime factors of (-1 + (-1238)/10)/((-9)/g).
2, 13
Let c(y) = 343 + 58*y + 353 + 2*y**2 - 673. What are the prime factors of c(-36)?
17, 31
Let o = -71 - -77. Let b(n) = -n**3 + 5*n**2 + 5*n + 2. Let x be b(o). What are the prime factors of ((x - 603/(-6))*2)/1?
193
Let w be 702/(-4)*84/(-18). Let o = w - 469. List the prime factors of o.
2, 5, 7
Let h = 14717 - 8450. List the prime factors of h.
3, 2089
Let l be 1062/1 - ((-12)/4 + 7). Let x be 15/(-2)*(-24)/30. What are the prime factors of 3/x + l/4?
5, 53
Let o(z) = -875*z + 103. List the prime factors of o(-1).
2, 3, 163
Let i(s) = 455*s**3 - 4*s**2 + 3*s. Suppose -2*f + 2 = 0, 4*g = -g + 3*f + 2. List the prime factors of i(g).
2, 227
Let w = -17518 - -29536. List the prime factors of w.
2, 3, 2003
Let v be 69/15 + 3*4/30. Suppose -a + v = 4. What are the prime factors of a/2*(-546)/(-7)?
3, 13
Suppose 38 + 16 = -3*t. Let a be 3 - 2 - t*5/(-10). What are the prime factors of 4/a - 790/(-4)?
197
Let x = -326 + 955. Suppose l - 5*r - x = 0, 4*l - 8*l + 2596 = -4*r. What are the prime factors of l?
2, 3, 109
Suppose -15*i + 2*i + 135879 + 110471 = 0. What are the prime factors of i?
2, 5, 379
Let i(t) = -19*t**2 + 37*t - 9. Let w(f) = -f + 2. Let v(l) = -i(l) - 5*w(l). What are the prime factors of v(9)?
2, 5
Suppose 62 = 6*k + 296. Let a = -491 + k. What are the prime factors of a/(-8) - 3/(-4)?
67
Let w(f) = 8*f**2 + 66*f - 330. List the prime factors of w(-45).
2, 3, 5, 43
Let m(k) be the first derivative of 8*k**2 - 56*k - 57. List the prime factors of m(12).
2, 17
Suppose -17*t + 11*t = 240. Let x = t + 10. Let k = x + 111. What are the prime factors of k?
3
Let l(x) = 345*x - 186. Let h be l(8). Suppose 3*m - 3853 = 2*b, 0 = 2*m - 2*b + 6*b - h. What are the prime factors of m?
5, 257
Let h(d) = d**3 + 5*d**2 + 3*d - 5. Let z be h(7). Let u = z + -428. List the prime factors of u.
2, 11
Let h(w) = -w + 40. Let r be h(40). Suppose 12*l - l - 2156 = r. List the prime factors of l.
2, 7
Let b = 20996 - 10717. What are the prime factors of b?
19, 541
Let x(c) = 3*c**3 + 35*c**2 - 64*c - 50. Let d(w) = -16*w**3 - 175*w**2 + 318*w + 248. Let b(t) = 2*d(t) + 11*x(t). What are the prime factors of b(-36)?
2, 3, 61
Let u be -1*((-16 - -4) + -5). Suppose -26*i + u*i = -1521. List the prime factors of i.
13
Let t(k) = 2*k**3 - 21*k**2 + 12*k + 1. Let z be t(11). Suppose -2*q + z + 492 = 0. List the prime factors of q.
373
Let f(c) = c - 14 + 10 - 27 - c**3 + 24*c**2 + c. Let g be f(24). Let i = g - 11. List the prime factors of i.
2, 3
Let q(l) = -4*l**3 - 15*l**2 - 10*l + 128. Let i(j) = j**3 - j**2 - 2*j - 1. Let a(y) = 5*i(y) + q(y). What are the prime factors of a(21)?
2, 3
Let u be (7 - (-5 + 8))*(-42)/2. Let n = u + 1